{"id":56,"date":"2024-03-16T09:58:54","date_gmt":"2024-03-16T09:58:54","guid":{"rendered":"https:\/\/neu-mfc.heidenheim.com\/?page_id=56"},"modified":"2026-04-22T18:03:11","modified_gmt":"2026-04-22T18:03:11","slug":"aktuelles","status":"publish","type":"page","link":"https:\/\/mfc.heidenheim.com\/index.php\/aktuelles\/","title":{"rendered":"Aktuelles"},"content":{"rendered":"\n<div class=\"wp-block-group has-global-padding is-layout-constrained wp-block-group-is-layout-constrained\">\n<div class=\"wp-block-columns is-layout-flex wp-container-core-columns-is-layout-28f84493 wp-block-columns-is-layout-flex\">\n<div class=\"wp-block-column is-layout-flow wp-block-column-is-layout-flow\" style=\"flex-basis:33.33%\">\n<figure data-wp-context=\"{&quot;imageId&quot;:&quot;6a03208d9d988&quot;}\" data-wp-interactive=\"core\/image\" data-wp-key=\"6a03208d9d988\" class=\"wp-block-image size-medium wp-lightbox-container\"><img loading=\"lazy\" decoding=\"async\" width=\"214\" height=\"300\" data-wp-class--hide=\"state.isContentHidden\" data-wp-class--show=\"state.isContentVisible\" data-wp-init=\"callbacks.setButtonStyles\" data-wp-on--click=\"actions.showLightbox\" data-wp-on--load=\"callbacks.setButtonStyles\" data-wp-on-window--resize=\"callbacks.setButtonStyles\" src=\"https:\/\/mfc.heidenheim.com\/wp-content\/uploads\/2024\/03\/Einladung-FF-2026-214x300.jpg\" alt=\"\" class=\"wp-image-2367\" srcset=\"https:\/\/mfc.heidenheim.com\/wp-content\/uploads\/2024\/03\/Einladung-FF-2026-214x300.jpg 214w, https:\/\/mfc.heidenheim.com\/wp-content\/uploads\/2024\/03\/Einladung-FF-2026-731x1024.jpg 731w, https:\/\/mfc.heidenheim.com\/wp-content\/uploads\/2024\/03\/Einladung-FF-2026-2000x2800.jpg 2000w, https:\/\/mfc.heidenheim.com\/wp-content\/uploads\/2024\/03\/Einladung-FF-2026-scaled.jpg 1829w\" sizes=\"auto, (max-width: 214px) 100vw, 214px\" \/><button\n\t\t\tclass=\"lightbox-trigger\"\n\t\t\ttype=\"button\"\n\t\t\taria-haspopup=\"dialog\"\n\t\t\taria-label=\"Vergr\u00f6\u00dfern\"\n\t\t\tdata-wp-init=\"callbacks.initTriggerButton\"\n\t\t\tdata-wp-on--click=\"actions.showLightbox\"\n\t\t\tdata-wp-style--right=\"state.imageButtonRight\"\n\t\t\tdata-wp-style--top=\"state.imageButtonTop\"\n\t\t>\n\t\t\t<svg xmlns=\"http:\/\/www.w3.org\/2000\/svg\" width=\"12\" height=\"12\" fill=\"none\" viewBox=\"0 0 12 12\">\n\t\t\t\t<path fill=\"#fff\" d=\"M2 0a2 2 0 0 0-2 2v2h1.5V2a.5.5 0 0 1 .5-.5h2V0H2Zm2 10.5H2a.5.5 0 0 1-.5-.5V8H0v2a2 2 0 0 0 2 2h2v-1.5ZM8 12v-1.5h2a.5.5 0 0 0 .5-.5V8H12v2a2 2 0 0 1-2 2H8Zm2-12a2 2 0 0 1 2 2v2h-1.5V2a.5.5 0 0 0-.5-.5H8V0h2Z\" \/>\n\t\t\t<\/svg>\n\t\t<\/button><\/figure>\n<\/div>\n\n\n\n<div class=\"wp-block-column is-layout-flow wp-block-column-is-layout-flow\" style=\"flex-basis:66.66%\">\n<p>Der MFC-Heidenheim l\u00e4dt alle zu einem lockerem Feundschaftsfliegen am Anfang der Saison ein. Geflogen werden darf alles was Fl\u00fcgel oder Rotoren, Schleppkupplung, E- Motor, Verbrenner oder D\u00fcse hat. F\u00fcr F-Schlepp und Verpflegung wird gesorgt. Wir freuen uns auf Dein kommen.<\/p>\n\n\n\n<p>Eine Anmeldung per E-Mail an:&nbsp;<a href=\"mailto:info@mfc.heidenheim.com\">info@mfc.heidenheim.com<\/a> hilft uns bei der Planung.<\/p>\n<\/div>\n<\/div>\n<\/div>\n\n\n\n<h2 class=\"wp-block-heading\">L\u00e4rmmessung beim MFC Heidenheim:<\/h2>\n\n\n\n<p>N\u00e4chster Termin: <strong>26.04.2026<\/strong> ab 16:00Uhr<\/p>\n\n\n\n<h2 class=\"wp-block-heading\">Termine MFC- Heidenheim<\/h2>\n\n\n\n<div data-wp-interactive=\"core\/file\" class=\"wp-block-file\"><object data-wp-bind--hidden=\"!state.hasPdfPreview\" hidden class=\"wp-block-file__embed\" data=\"https:\/\/mfc.heidenheim.com\/wp-content\/uploads\/2026\/02\/Jahrestermine-2026-Reiner.pdf\" type=\"application\/pdf\" style=\"width:100%;height:600px\" aria-label=\"Einbettung von Jahrestermine 2026 Reiner.\"><\/object><a id=\"wp-block-file--media-884302f7-a5c3-41ef-8aa4-6c9d54250dfd\" href=\"https:\/\/mfc.heidenheim.com\/wp-content\/uploads\/2026\/02\/Jahrestermine-2026-Reiner.pdf\" target=\"_blank\" rel=\"noreferrer noopener\">Jahrestermine 2026 Reiner<\/a><a href=\"https:\/\/mfc.heidenheim.com\/wp-content\/uploads\/2026\/02\/Jahrestermine-2026-Reiner.pdf\" class=\"wp-block-file__button wp-element-button\" download aria-describedby=\"wp-block-file--media-884302f7-a5c3-41ef-8aa4-6c9d54250dfd\">Herunterladen<\/a><\/div>\n\n\n\n<h2 class=\"wp-block-heading\">Termine der umliegenden Vereine<\/h2>\n\n\n\n<div data-wp-interactive=\"core\/file\" class=\"wp-block-file\"><object data-wp-bind--hidden=\"!state.hasPdfPreview\" hidden class=\"wp-block-file__embed\" data=\"https:\/\/mfc.heidenheim.com\/wp-content\/uploads\/2026\/02\/Jahrestermine-2026-umliegende-Vereine.pdf\" type=\"application\/pdf\" style=\"width:100%;height:600px\" aria-label=\"Einbettung von Jahrestermine 2026 umliegende Vereine.\"><\/object><a id=\"wp-block-file--media-246956f3-1a5f-4334-a64b-26ab8d6d11dd\" href=\"https:\/\/mfc.heidenheim.com\/wp-content\/uploads\/2026\/02\/Jahrestermine-2026-umliegende-Vereine.pdf\">Jahrestermine 2026 umliegende Vereine<\/a><a href=\"https:\/\/mfc.heidenheim.com\/wp-content\/uploads\/2026\/02\/Jahrestermine-2026-umliegende-Vereine.pdf\" class=\"wp-block-file__button wp-element-button\" download aria-describedby=\"wp-block-file--media-246956f3-1a5f-4334-a64b-26ab8d6d11dd\">Herunterladen<\/a><\/div>\n\n\n\n<p><\/p>\n","protected":false},"excerpt":{"rendered":"<p>L\u00e4rmmessung beim MFC Heidenheim: N\u00e4chster Termin: 26.04.2026 ab 16:00Uhr Termine MFC- Heidenheim Termine der umliegenden Vereine<\/p>\n","protected":false},"author":1,"featured_media":26,"parent":0,"menu_order":0,"comment_status":"closed","ping_status":"closed","template":"","meta":{"ngg_post_thumbnail":0,"footnotes":""},"class_list":["post-56","page","type-page","status-publish","has-post-thumbnail","hentry"],"_links":{"self":[{"href":"https:\/\/mfc.heidenheim.com\/index.php\/wp-json\/wp\/v2\/pages\/56","targetHints":{"allow":["GET"]}}],"collection":[{"href":"https:\/\/mfc.heidenheim.com\/index.php\/wp-json\/wp\/v2\/pages"}],"about":[{"href":"https:\/\/mfc.heidenheim.com\/index.php\/wp-json\/wp\/v2\/types\/page"}],"author":[{"embeddable":true,"href":"https:\/\/mfc.heidenheim.com\/index.php\/wp-json\/wp\/v2\/users\/1"}],"replies":[{"embeddable":true,"href":"https:\/\/mfc.heidenheim.com\/index.php\/wp-json\/wp\/v2\/comments?post=56"}],"version-history":[{"count":17,"href":"https:\/\/mfc.heidenheim.com\/index.php\/wp-json\/wp\/v2\/pages\/56\/revisions"}],"predecessor-version":[{"id":2441,"href":"https:\/\/mfc.heidenheim.com\/index.php\/wp-json\/wp\/v2\/pages\/56\/revisions\/2441"}],"wp:featuredmedia":[{"embeddable":true,"href":"https:\/\/mfc.heidenheim.com\/index.php\/wp-json\/wp\/v2\/media\/26"}],"wp:attachment":[{"href":"https:\/\/mfc.heidenheim.com\/index.php\/wp-json\/wp\/v2\/media?parent=56"}],"curies":[{"name":"wp","href":"https:\/\/api.w.org\/{rel}","templated":true}]}}